 9*r + 1792. What is the highest common divisor of r and 104?
8
Suppose 4*z + 4133 = 17*z - 19163. Calculate the highest common divisor of z and 84.
28
Suppose 15*f - 280 = -13*f. Let d be 3768/40 + f + (-8)/(-10). What is the highest common factor of 231 and d?
21
Let b = -92 - -94. Suppose 3*r - 156 = -3*x, -4*x + b*r = -360 + 134. Calculate the greatest common factor of 88 and x.
11
Let f be 60 - ((-50)/(-75))/((-4)/(-6)). Calculate the highest common factor of 6313 and f.
59
Let b(w) = -w + 52. Let l be b(-26). Let r = l + -45. Calculate the greatest common divisor of 341 and r.
11
Let s = 64 - 61. Suppose -6 = -4*t + 2*t - 2*z, 0 = -s*z - 3. Suppose -a + 19 = 4*p, -a - p + t*p = 9. Calculate the greatest common factor of 6 and a.
3
Let d be 18/(-4)*(7 - 95/15). Let f be (-1)/(34/12 + d - 0). What is the greatest common divisor of 42 and f?
6
Suppose 0 = -4*n - 2*h + 3892, 4*n - 4874 = 5*h - 982. Suppose 18 = n*r - 970*r. Calculate the greatest common divisor of r and 33.
3
Let w = 91 - 79. Suppose 7*o = 11*o - 8. Suppose -3*b + 2*j = -352, 7*b - 2*b - o*j = 592. Calculate the highest common factor of b and w.
12
Let v(d) = 6*d**2 - d - 1. Let u be v(1). Suppose -3*t + r - 94 = -345, 0 = -t - u*r + 62. What is the greatest common divisor of 205 and t?
41
Suppose -460615 + 98348 = -54*z + 238321. Calculate the highest common factor of 498 and z.
166
Let f be 18865/294 + -2 + (-33)/(-18). Calculate the greatest common divisor of f and 384.
64
Let y(r) = -7*r. Let q be y(-8). Let i(n) = -n**3 - n**2 + 1804*n - 78. Let d be i(-43). What is the greatest common factor of q and d?
8
Suppose 0 = -9*l - 3*m + 387, 3*m + 13 - 22 = 0. Calculate the highest common factor of l and 644.
14
Let x(m) = m**2 - 52*m + 685. Let s be x(25). What is the greatest common divisor of 42 and s?
2
Let c(x) = -365*x - 22. Let n be c(-14). Suppose -1392 + n = -7*s. Let p be (10/45*-3)/(2/s). Calculate the greatest common divisor of p and 22.
22
Let s(c) = -41*c**2 - 9*c. Let y be s(-1). Let n = y + 44. What is the greatest common divisor of 21 and n?
3
Let a be (10/4)/(5/200). Let l be (-224)/70*(-50)/40. Calculate the greatest common factor of a and l.
4
Let m(n) = 2*n**3 + 119*n**2 + 6*n - 26. Let t be m(-59). What is the greatest common factor of 14 and t?
7
Let o = -75 - -79. Suppose 5*p - 3*a - 110 = 0, -o*p + 56 = -2*a - 32. Suppose p = 3*q + 1. What is the highest common divisor of 14 and q?
7
Let i = -3492 - -3622. Let b = 38 + -12. Calculate the highest common divisor of b and i.
26
Suppose -4*h = g - 58 + 11, 4*h = 4*g + 72. Calculate the highest common factor of h and 6123.
13
Suppose -x - 121 + 118 = 0, -f + 645 = 5*x. Calculate the highest common divisor of 10340 and f.
220
Suppose 11102 = -140*g + 201*g. What is the highest common factor of g and 1001?
91
Let c(v) = -24*v + 1920. Let b be c(34). What is the highest common divisor of 6 and b?
6
Suppose -3*r + 30 = 4*k, r - 10 = -3*k + 15. Suppose t = -2*t - k. Let g(u) = -7*u - 1. Let z be g(t). Calculate the greatest common divisor of 4 and z.
4
Suppose -5*z = -7 - 18. Let s(h) = -h**2 + 2*h. Let k be s(z). Let r = k - -37. Calculate the highest common divisor of 176 and r.
22
Let f = 143 - 31. Suppose 4*l = -2*s + 46, 4*s = 4*l - 27 + 23. Calculate the greatest common divisor of f and l.
8
Suppose -6*q + 97*q - 2221 = 3603. What is the greatest common divisor of q and 2128?
16
Suppose -261 + 661 = 16*v. Suppose c + 2*p = 558 - 9, 3*c = 5*p + 1636. Let b = -322 + c. What is the greatest common divisor of v and b?
25
Let r = -1429 + 1430. Calculate the highest common factor of 440 and r.
1
Suppose 4*u = 13*u - 714 - 6414. Calculate the highest common divisor of 3 and u.
3
Let t = -37 + 95. Suppose -616 = 23*s - 12*s. Let p = s + t. What is the highest common divisor of 8 and p?
2
Let m(h) = -8 - 30*h - h**3 + 8 - 16*h**2 - 8. Let z be m(-14). Calculate the greatest common factor of z and 320.
20
Suppose -139 + 13 = 14*p. Let g be 114/((162/(-24))/p). Calculate the greatest common factor of 266 and g.
38
Suppose 34*m - 2923332 = -61*m + 36*m. What is the highest common factor of 12 and m?
12
Let m be 91/28*(-1 - -29). Let f(l) = l**3 - 11*l**2 - 12*l - 1. Let o be f(14). Suppose -133 + o = 11*g. Calculate the highest common factor of m and g.
13
Let r = 7 + 50. Suppose 36*v + 475 = 41*v. Calculate the highest common divisor of r and v.
19
Let o(k) = -k**2 - 25*k - 33. Let y(b) = -b**3 + 8*b**2 + 21*b - 33. Let p be y(10). Let l be o(p). Calculate the highest common divisor of l and 611.
13
Let u = -8 - -8. Suppose 3*t - 15 = -u*t. Let h be (30/27)/(-5) - (-235)/45. Calculate the greatest common factor of h and t.
5
Suppose 2*z - h - 13 = 2, 0 = 3*z + 4*h - 6. Suppose -y = -z*y + 90. Let d = 850 + -688. What is the greatest common factor of d and y?
18
Suppose -165 - 176 = -23*j + 73. Calculate the greatest common divisor of j and 3771.
9
Let m = -2486 + 2684. Calculate the greatest common divisor of m and 117.
9
Suppose 975*f = 1190*f - 365500. Calculate the greatest common factor of 9775 and f.
425
Suppose -13*q + 4692 = -22738. Let j = q + -830. Calculate the highest common divisor of j and 20.
20
Suppose 0 = 2*o - 29*o + 135. Let z be (-8 + o - -480) + -5. What is the highest common factor of z and 59?
59
Suppose 2657 + 1093 = 25*j. Let p be 60/j + (-246)/(-10). Calculate the greatest common divisor of 475 and p.
25
Let g = -2647 - -2923. What is the highest common factor of g and 1564?
92
Let o = -133 + 283. Let u = 148 - 88. Calculate the highest common factor of u and o.
30
Suppose -104*x + 75207 = 55*x. What is the highest common divisor of x and 344?
43
Suppose -4*b - 75 = -29*b. Suppose c = b*z + 21, 0*z = -2*c - 4*z - 8. What is the greatest common divisor of 498 and c?
6
Suppose -2*i - 5*a - 21 = 0, 0 = -3*i + 4*a + 14 + 12. Suppose 2*y - 104 = 3*x, -4*y - 3*x - i*x = -230. Calculate the greatest common factor of 715 and y.
55
Suppose -1508 = 71*z - 7614. Calculate the greatest common factor of 16 and z.
2
Let m be 40 + 3/(18/24). Let i be (1 - 2/4)*8. What is the highest common factor of m and i?
4
Let c(j) = -89*j + 37*j - 64 + 46*j. Let u be c(-30). Calculate the greatest common divisor of u and 4.
4
Let i(m) = 160*m - 500. Let a be i(28). Calculate the greatest common factor of a and 40.
20
Suppose 33*o = -2*v + 31*o + 16, -2*v = -4*o - 40. Calculate the greatest common factor of 7836 and v.
12
Suppose -20*h = -405 - 75. Let y be (h/10)/((-4)/640*-8). Let p = -8 - -24. Calculate the greatest common divisor of y and p.
16
Suppose -46*f + 50*f = 580. Let a = -121 + f. What is the greatest common factor of a and 156?
12
Suppose 23 = -2*j + 119. Suppose 18 = -6*c + j. Suppose 2*k - 14 = -2*n, -n = -c*k + 3 + 14. What is the highest common factor of k and 4?
4
Suppose -9 = 62*i - 59*i. Let a be 354/(i - -5) - -3. Let s = -18 - -38. What is the greatest common divisor of s and a?
20
Suppose 0 = 5*u - 12 - 8, g - 681 = 4*u. Calculate the greatest common factor of g and 1025.
41
Let w = 28854 + -28818. What is the greatest common divisor of w and 1476?
36
Let n be -4 + (-1 - -100) + -1. Let r be (8064/(-20))/7 - (-2)/(-5). Let x = r + n. What is the greatest common factor of x and 9?
9
Suppose 2*v - 2*h = 52, -2*v - 25*h + 60 = -29*h. What is the highest common divisor of 99 and v?
11
Suppose -9*n = -12*n + 390. Suppose 0 = u + 50 - n. Calculate the greatest common factor of 20 and u.
20
Suppose 70*n - 89258 - 2512 = 0. Calculate the highest common divisor of n and 38.
19
Let o(t) = 4*t**2 - 17*t - 41. Let q be o(9). Calculate the greatest common factor of 1209 and q.
13
Let y = 288 - -231. Let q = 537 + y. Let x be q/21 - (-2)/(-7). Calculate the greatest common divisor of 20 and x.
10
Let b(s) = -24*s**3 - 3*s**2 + 14*s - 45. Let u be b(-7). Calculate the greatest common divisor of 44 and u.
22
Let q be (1 - 3)/2 + 6. Suppose 4*b = -7 - 1, q*p = b + 7. Let u be (1 - p) + (17 - 9). What is the greatest common divisor of 24 and u?
8
Let j(y) be the third derivative of -y**6/120 + 23*y**5/60 - 7*y**4/12 - 20*y**3/3 - 88*y**2. Let q be j(22). Calculate the highest common divisor of 8 and q.
8
Let k = 556 + -533. Let f(t) = 10*t**2 - 15*t + 9. Let n be f(8). What is the highest common divisor of k